{"id":20938,"date":"2020-03-23T11:51:58","date_gmt":"2020-03-23T09:51:58","guid":{"rendered":"https:\/\/www.kaspersky.it\/blog\/?page_id=20938"},"modified":"2022-05-05T17:53:22","modified_gmt":"2022-05-05T15:53:22","slug":"sm-quiz-illu","status":"publish","type":"page","link":"https:\/\/www.kaspersky.it\/blog\/sm-quiz-illu\/","title":{"rendered":"Quiz: Sapresti sopravvivere un solo giorno come Social Media Manager?"},"content":{"rendered":"<div class=\"riddle_target\" data-rid-id=\"233894\" data-fg=\"#00A88E\" data-bg=\"rgb(255, 255, 255)\" style=\"margin:0 auto;max-width:100%;width:100%;\" data-auto-scroll=\"true\" data-auto-scroll-offset=\"5\">\n<script src=\"https:\/\/www.riddle.com\/files\/js\/embed.js\"><\/script>\n<link href=\"https:\/\/www.riddle.com\/files\/css\/embed.css\" rel=\"stylesheet\">\n<iframe style=\"width:100%;height:300px;border:1px solid #cfcfcf;\" src=\"https:\/\/www.riddle.com\/a\/233894?\" title=\"Pop Quiz - Quiz: Sapresti sopravvivere un solo giorno come Social Media Manager?\"><\/p>\n<section>\n<h2>\n<p>Quiz: Sapresti sopravvivere un solo giorno come Social Media Manager?<\/p>\n<\/h2>\n<p><p>Molti esperti di social media vorrebbero essere coinvolti nella realizzazione di un progetto importante e su larga scala, ma non tutti in realt\u00e0 sono pronti. Come direbbe lo zio di Peter Parker: &#8220;Da un grande budget derivano grandi responsabilit\u00e0&#8221;. Quindi, saprai sopravvivere alle sfide quotidiane di un social media manager? Scopriamolo<\/p>\n<\/p>\n<\/section>\n<section>\n<h2>\n<p>Il precedente gestore dei social media ha un oscuro senso dell&#8217;umorismo &#8211; e nessun amore per l&#8217;azienda. Tuttavia, ha ancora accesso all&#8217;account Twitter aziendale. Il tuo ex collega ha iniziato a twittare post carichi di rabbia, ma almeno il tuo capo non ha ancora visto i tweet. Qual \u00e8 il tuo piano?<\/p>\n<\/h2>\n<\/section>\n<section>\n<h3>\n<p><span style=\"color: rgb(0, 0, 0);\">Hai scoperto che tutta l&#8217; azienda ha avuto accesso alle password degli account sui social media. Dopo aver ottenuto il controllo delle credenziali, come puoi assicurarti che non accada di nuovo?<\/span><\/p>\n<\/h3>\n<\/section>\n<section>\n<h3>\n<p><span style=\"color: rgb(0, 0, 0);\">Non appena hai risolto il problema con le credenziali, \u00e8 arrivata una e-mail: &#8220;Il tuo account \u00e8 stato violato! Segui il link qui sotto e inserisci la password per vedere i dettagli&#8221;. Ti fidi di questo messaggio?<\/span><\/p>\n<\/h3>\n<\/section>\n<section>\n<h3>\n<p><span style=\"color: rgb(0, 0, 0);\">Un collega delle pubbliche relazioni si presenta alla tua scrivania e ti chiede di nascosto di comporre e approvare un post con un annuncio importante che verr\u00e0 reso pubblico tra due settimane. Sottolineano l&#8217;importanza del segreto &#8211; nessuna condivisione prima della data! Cosa fai:<\/span><\/p>\n<\/h3>\n<\/section>\n<section>\n<h3>\n<p><span style=\"color: rgb(0, 0, 0);\">Stai lavorando a distanza. Mentre sei seduto al bar, sai che dovresti usare una VPN per accedere all&#8217;hotspot Wi-Fi gratuito perch\u00e9 ..<\/span><\/p>\n<\/h3>\n<\/section>\n<section>\n<h3>\n<p><span style=\"color: rgb(0, 0, 0);\">Una persona sconosciuta ti invia un messaggio privato, affermando di essere una influencer molto popolare. La sconosciuta dice che pu\u00f2 offrirti uno sconto eccezionale su un post promozionale per la tua azienda se lo prenoti subito. Sembra un buon affare. Dovresti accettare?<\/span><\/p>\n<\/h3>\n<\/section>\n<section>\n<h3>\n<p><span style=\"color: rgb(0, 0, 0);\">L&#8217;ufficio marketing ti sta chiedendo quale nuovo meme funzioner\u00e0 meglio in una campagna che partir\u00e0 tra circa un mese. Qual \u00e8 il tuo consiglio?<\/span><\/p>\n<\/h3>\n<\/section>\n<section>\n<h3>\n<p><span style=\"color: rgb(0, 0, 0);\">A volte ci sono momenti in cui potresti vederti saltare tra account personali e aziendali. Come puoi ridurre al minimo l&#8217;errore di spostarti tra account diversi?<\/span><\/p>\n<\/h3>\n<\/section>\n<section>\n<h3>\n<p>Ricevi un&#8217;e-mail che sembra provenire da un&#8217;agenzia pubblicitaria. Offre &#8220;le migliori offerte&#8221; sull&#8217;accesso ai &#8220;migliori influencer sul mercato&#8221;. Dettagli nel file allegato. Lo apri in Excel ma ricevi una richiesta pop-up per attivare le macro in un documento. La tua mossa:<\/p>\n<\/h3>\n<\/section>\n<section>\n<h2>\n<p><strong style=\"color: rgb(0, 0, 0);\">Come un professionista!<\/strong><\/p>\n<\/h2>\n<p><h3><span style=\"color: windowtext;\">Trascorrere una dura giornata nei meandri dei social media per te \u00e8 facile come inviare un tweet. I colleghi vogliono il tuo consiglio, i competitor vogliono che tu lavori per loro e i truffatori potrebbero semplicemente trasferire denaro a te. Siamo orgogliosi di te!<\/span><\/h3>\n<\/p>\n<\/section>\n<section>\n<h3>\n<h3><strong style=\"color: rgb(0, 0, 0);\">Bene! Ma puoi fare meglio<\/strong><\/h3>\n<\/h3>\n<p><p>Sai affrontare le difficolt\u00e0 e molto spesso sai uscirne vincitore, ma c&#8217;\u00e8 ancora qualche aspetto che puoi migliorare&#8230;<\/p>\n<\/p>\n<\/section>\n<section>\n<h3>\n<p><strong style=\"color: rgb(0, 0, 0);\">Cos\u00ec cos\u00ec<\/strong><\/p>\n<\/h3>\n<p><p><span style=\"color: rgb(0, 0, 0);\">A volte va bene, altre no. Sopravviverai ad alcuni giorni difficili, ma per quanto tempo rimarrai in piedi? \u00c8 tempo di rimboccarsi le maniche e migliorare alcuni aspetti del tuo lavoro sui social media.<\/span><\/p>\n<\/p>\n<\/section>\n<section>\n<h3>\n<p><strong style=\"color: rgb(0, 0, 0);\">Non va molto bene<\/strong><\/p>\n<\/h3>\n<p><p>Forse il mondo crudele e spietato della gestione dei social media non \u00e8 abbastanza buono per te? Scherzi a parte, tutti quei meme, social network, account, blogger e attivit\u00e0 di marketing &#8211; per avere successo e stare al sicuro, dovrai padroneggiarli tutti.<\/p>\n<\/p>\n<\/section>\n<p><\/iframe>\n<\/div>\n","protected":false},"excerpt":{"rendered":"<p>Quiz: Sapresti sopravvivere un solo giorno come Social Media Manager? Molti esperti di social media vorrebbero essere coinvolti nella realizzazione di un progetto importante e su larga scala, ma non<\/p>\n","protected":false},"author":2706,"featured_media":20942,"parent":0,"menu_order":0,"comment_status":"closed","ping_status":"closed","template":"","meta":{"_acf_changed":false,"footnotes":""},"categories":[],"class_list":["post-20938","page","type-page","status-publish","has-post-thumbnail"],"hreflang":[{"hreflang":"it","url":"https:\/\/www.kaspersky.it\/blog\/sm-quiz-illu\/"},{"hreflang":"ru","url":"https:\/\/www.kaspersky.ru\/blog\/sm-quiz-illu\/"},{"hreflang":"x-default","url":"https:\/\/www.kaspersky.com\/blog\/sm-quiz-illu\/"},{"hreflang":"ja","url":"https:\/\/blog.kaspersky.co.jp\/sm-quiz-illu\/"}],"acf":[],"banners":"","is_landing":true,"_links":{"self":[{"href":"https:\/\/www.kaspersky.it\/blog\/wp-json\/wp\/v2\/pages\/20938","targetHints":{"allow":["GET"]}}],"collection":[{"href":"https:\/\/www.kaspersky.it\/blog\/wp-json\/wp\/v2\/pages"}],"about":[{"href":"https:\/\/www.kaspersky.it\/blog\/wp-json\/wp\/v2\/types\/page"}],"author":[{"embeddable":true,"href":"https:\/\/www.kaspersky.it\/blog\/wp-json\/wp\/v2\/users\/2706"}],"replies":[{"embeddable":true,"href":"https:\/\/www.kaspersky.it\/blog\/wp-json\/wp\/v2\/comments?post=20938"}],"version-history":[{"count":2,"href":"https:\/\/www.kaspersky.it\/blog\/wp-json\/wp\/v2\/pages\/20938\/revisions"}],"predecessor-version":[{"id":21451,"href":"https:\/\/www.kaspersky.it\/blog\/wp-json\/wp\/v2\/pages\/20938\/revisions\/21451"}],"wp:featuredmedia":[{"embeddable":true,"href":"https:\/\/www.kaspersky.it\/blog\/wp-json\/wp\/v2\/media\/20942"}],"wp:attachment":[{"href":"https:\/\/www.kaspersky.it\/blog\/wp-json\/wp\/v2\/media?parent=20938"}],"wp:term":[{"taxonomy":"category","embeddable":true,"href":"https:\/\/www.kaspersky.it\/blog\/wp-json\/wp\/v2\/categories?post=20938"}],"curies":[{"name":"wp","href":"https:\/\/api.w.org\/{rel}","templated":true}]}}